z**3 - z. Calculate b(-2).
-6
Let x(q) = -q**3 + 69*q**2 + 72*q - 146. What is x(70)?
-6
Let n(o) = 7*o - 21. Determine n(-4).
-49
Let u(b) = 2*b - 8. Calculate u(5).
2
Let r(i) = 2*i**2 + 88*i + 13. Calculate r(-44).
13
Let l(w) = -w**3 + 6*w**2 + 11*w - 28. Determine l(7).
0
Let c(d) = -d**2 + 3*d - 18. Give c(13).
-148
Let i(v) = -2*v**3 + 9*v**2 + 9*v + 1. What is i(5)?
21
Let i(d) = 6*d + 41. What is i(-8)?
-7
Let l(c) = -c**2 - 13*c + 11. Determine l(-12).
23
Let s(v) = v**2 - 10*v + 6. Give s(11).
17
Let w(s) = -2*s**2 + 15*s + 1. Give w(7).
8
Let t(l) = l**3 - 12*l**2 + 22*l - 10. Calculate t(10).
10
Let h(j) = -11*j**2 - j - 7. Give h(-3).
-103
Let f(h) = 2*h**3 + 3*h**2 - 3*h + 1. Give f(1).
3
Let q(t) = -73*t + 9. Give q(-1).
82
Let o(p) = p**3 - 4*p**2 - 8*p + 7. Give o(6).
31
Let d(r) = -r + 4. Give d(7).
-3
Let f(m) = m**2 + 9*m - 3. Determine f(-9).
-3
Let f(a) = 9*a + 1. What is f(3)?
28
Let k(p) = p**3 + 18*p**2 + 17*p - 1. Determine k(-17).
-1
Let n(q) = 3*q**3 - 5*q**2 + 7*q. Determine n(2).
18
Let k(n) = -n - 45. What is k(-13)?
-32
Let s(v) = -4*v - 5. What is s(6)?
-29
Let f(z) = 21*z - 4. Calculate f(-2).
-46
Let i(z) = 2*z**2 - 12*z + 27. Give i(6).
27
Let w(h) = -h**3 + 12*h**2 + 85*h + 5. Give w(17).
5
Let p(n) = 5*n - 89. Calculate p(28).
51
Let a(g) = g**2 + 9*g. Give a(8).
136
Let u(l) = 9*l + 2. Give u(2).
20
Let x(o) = 2*o**3 + 15*o**2 + 7*o - 3. Give x(-7).
-3
Let f(d) = 5*d**2 - d - 2. Calculate f(-3).
46
Let z(j) = 2*j**2 - 20*j - 46. What is z(12)?
2
Let t(c) = -2*c**3 - 2*c**2 + c + 6. Give t(3).
-63
Let u(k) = -k**3 - 14*k**2 + 20*k + 69. Determine u(-15).
-6
Let q(u) = -u + 1. Give q(-5).
6
Let o(y) = -y**3 - 28*y**2 - 3*y - 54. Give o(-28).
30
Let n(c) = -c**3 - 8*c**2 - 7*c + 3. What is n(-6)?
-27
Let z(b) = 2*b**3 + 2*b**2 - b + 3. Give z(2).
25
Let r(q) = q**3 - q**2 + 2*q - 1. Determine r(1).
1
Let j(w) = 17*w - 246. Give j(14).
-8
Let h(g) = -g**2 + g - 1. Calculate h(1).
-1
Let z(r) = r**2 - 7*r + 7. Determine z(3).
-5
Let j(i) = -i**3 + 17*i**2 - 7. Give j(17).
-7
Let g(t) = -t**3 - 18*t**2 + 42*t + 40. What is g(-20)?
0
Let j(c) = -9*c + 226. What is j(25)?
1
Let y(c) = -2*c**2 + 33*c - 14. Determine y(16).
2
Let n(l) = 14*l + 43. Calculate n(-5).
-27
Let d(i) = -2*i**3 - i**2 + i + 1. Give d(-1).
1
Let i(s) = -36*s - 1. What is i(1)?
-37
Let a(u) = 8*u**3 - 2*u**2 + 2*u - 1. Determine a(1).
7
Let s(a) = 7*a + 19. What is s(-2)?
5
Let b(x) = -2*x**3 - 15*x**2 - 18*x - 12. What is b(-6)?
-12
Let f(g) = g**3 - 11*g**2 + 2*g - 1. Give f(11).
21
Let w(o) = o**2 + 2*o - 8. Determine w(3).
7
Let v(b) = 19*b - 1. What is v(-2)?
-39
Let r(c) = 11*c + 9. Calculate r(3).
42
Let o(m) = -2*m + 14. What is o(9)?
-4
Let c(w) = -3*w**2 - 2*w. Determine c(3).
-33
Let q(b) = b**3 + 15*b**2 + 15. Determine q(-15).
15
Let q(n) = -2*n - 11. Determine q(-9).
7
Let x(z) = 2*z**3 + 9*z**2 + 2*z - 11. What is x(-4)?
-3
Let l(j) = -j**2 - 8*j - 11. Determine l(7).
-116
Let i(o) = 10*o + 1. What is i(-3)?
-29
Let f(v) = v - 13. Give f(9).
-4
Let h(v) = v**3 - 11*v**2 - 22*v + 129. Calculate h(12).
9
Let w(g) = -2*g**2 - 27*g - 24. Determine w(-12).
12
Let f(c) = -c**3 + 14*c**2 - c + 13. What is f(14)?
-1
Let z(r) = -27*r - 86. Give z(-3).
-5
Let s(t) = 11*t**3 - t**2. Give s(1).
10
Let o(b) = b**3 + 18*b**2 - 21*b - 46. What is o(-19)?
-8
Let l(p) = p - 21. What is l(0)?
-21
Let u(t) = 2*t**3 - 42*t**2 - 3*t - 15. What is u(21)?
-78
Let y(a) = -a**3 + 7*a**2 - 3*a. What is y(3)?
27
Let q(g) = -4*g**2 - 1. Determine q(-2).
-17
Let n(d) = -13*d**2 - 20*d + 5. Calculate n(-2).
-7
Let h(p) = -15*p**2 - 101*p + 15. Give h(-7).
-13
Let c(y) = -23*y**3 + 3*y**2 - y - 1. What is c(1)?
-22
Let q(u) = u**3 - 3*u + 7. Determine q(3).
25
Let z(t) = -152*t - 9. What is z(-1)?
143
Let v(u) = u**3 - u**2 - 17*u - 40. Determine v(-4).
-52
Let i(m) = 5*m**2 - 3. Give i(3).
42
Let h(x) = 23*x + 93. Calculate h(-3).
24
Let w(q) = -q**3 + 9*q**2 + 8*q - 9. What is w(10)?
-29
Let m(f) = -82*f + 55. Calculate m(1).
-27
Let o(k) = -8*k**3 + 2*k**2 + 2*k - 3. Calculate o(2).
-55
Let d(f) = 7*f. Give d(4).
28
Let s(b) = -10*b**2 - 5*b - 4. Give s(-1).
-9
Let y(k) = k**3 + 4*k - 1. Calculate y(-2).
-17
Let g(t) = -12*t**2 + 2*t + 1. Determine g(-1).
-13
Let x(c) = -4*c**2 + c + 2. Give x(-2).
-16
Let j(k) = k**3 + 2*k**2 + 2*k. What is j(3)?
51
Let q(h) = h**3 + 5*h**2 - 2*h - 11. Determine q(-6).
-35
Let d(f) = -7*f + 20. Determine d(8).
-36
Let i(o) = o**3 - 10*o**2 + 7. Determine i(10).
7
Let z(x) = -x**2 + 18*x - 75. Calculate z(7).
2
Let g(y) = -18*y - 183. Determine g(-10).
-3
Let c(y) = y**3 - 14*y**2 - 50*y - 12. Give c(17).
5
Let k(o) = 10*o**2 + 92*o + 12. Calculate k(-9).
-6
Let k(v) = -v**3 + 3*v**2 + 5*v - 6. Calculate k(3).
9
Let t(y) = -y**3 + 10*y**2 - 13*y + 29. Determine t(9).
-7
Let x(i) = i - 7. Give x(-4).
-11
Let g(s) = -2*s + 6. Calculate g(0).
6
Let k(y) = -3*y**3 - 18*y**2 - 2*y - 6. Determine k(-6).
6
Let x(g) = 32*g - 36. What is x(1)?
-4
Let k(i) = -i**2 - 3*i + 5. Give k(5).
-35
Let c(a) = -a**2 + 10*a + 120. Determine c(17).
1
Let t(b) = -2*b**2 - 4*b + 1. Calculate t(3).
-29
Let s(k) = 9*k - 2. Calculate s(3).
25
Let a(m) = 5*m + 36. Give a(-13).
-29
Let l(t) = t**3 + 9*t**2 - 6*t + 28. Give l(-10).
-12
Let h(y) = -11*y**2 - 3*y + 3. Determine h(1).
-11
Let j(l) = l**3 - 23*l**2 - 25*l + 26. What is j(24)?
2
Let z(q) = q**3 + 5*q**2 - 7*q - 5. Calculate z(-6).
1
Let p(w) = 4*w + 41. Calculate p(-17).
-27
Let m(n) = 10*n + 14. Determine m(-2).
-6
Let g(n) = n**3 + 9*n**2 - 8*n - 10. Give g(-5).
130
Let g(n) = -n**2 - 28*n - 51. What is g(-25)?
24
Let p(z) = -z**3 - 2*z**2 + z + 4. Give p(0).
4
Let q(w) = w**2 - 9*w + 15. What is q(5)?
-5
Let c(y) = y**3 + 9*y**2 - 3*y - 22. What is c(-9)?
5
Let r(n) = -7*n + 71. Calculate r(10).
1
Let a(f) = f**3 - 3*f**2 + 6. Determine a(2).
2
Let j(y) = y**3 + 4*y**2 + 2*y + 4. Give j(-3).
7
Let l(c) = -2*c**2 + c - 1. Give l(-4).
-37
Let z(n) = 23*n + 22. Calculate z(-4).
-70
Let f(d) = 2*d**3 - 2*d**2 - 5*d + 5. Calculate f(3).
26
Let l(b) = b**2 - b - 77. What is l(11)?
33
Let j(l) = -l - 2. Determine j(-13).
11
Let f(v) = v**3 - 7*v**2 + 8*v + 11. What is f(5)?
1
Let s(w) = -2*w + 6. Determine s(-6).
18
Let c(f) = -f**2 - 3*f + 2. What is c(-5)?
-8
Let i(s) = 7*s + 4. Give i(27).
193
Let c(s) = 8*s + 246. Give c(-31).
-2
Let l(m) = -m**2 + 4*m + 11. What is l(-9)?
-106
Let o(v) = v**3 + 23*v**2 + 21*v - 28. Calculate o(-22).
-6
Let y(s) = -2*s + 42. Determine y(22).
-2
Let q(c) = -c**3 + 4*c**2 - 5*c - 2. Determine q(4).
-22
Let i(v) = v**3 - 6*v**2 + 3*v + 18. What is i(5)?
8
Let b(d) = -3*d**2 - 46*d - 65. Calculate b(-14).
-9
Let h(o) = o**2 - 9*o + 14. Determine h(11).
36
Let l(d) = -d**2 - 13*d + 12. Calculate l(-14).
-2
Let j(h) = -11*h**2 - 6. Calculate j(2).
-50
Let j(h) = 2*h**2 + 38*h + 31. Calculate j(-17).
-37
Let n(u) = -8*u + 3. Give n(4).
-29
Let g(c) = 14*c - 113. Determine g(6).
-29
Let f(x) = x**3 + 22*x**2 - 22*x + 38. Calculate f(-23).
15
Let k(s) = 33*s + 697. Give k(-21).
4
Let q(j) = -j**3 + 10*j**2 - 18*j + 11. Determine q(8).
-5
Let k(d) = -d**3 + 8*d**2 - 17*d + 7. Calculate k(5).
-3
Let l(t) = -2*t - 1. Determine l(-9).
17
Let z(t) = t**3 - 11*t**2 + 12*t - 6. Determine z(10).
14
Let x(z) = z - 5. Determine x(-6).
-11
Let g(w) = w**3 - 7*w**2 + 10*w + 3. Determine g(5).
3
Let w(b) = 16*b + 1. Determine w(1).
17
Let w(o) = 2*o**3 - 15*o**2 + 21*o - 35. What is w(6)?
-17
Let f(m) = m**3 + 3*m**2 - m. Calculate f(-3).
3
Let x(z) = z**3 - 7*z**2 + 5*z + 3. Give x(4).
-25
Let r(l) = -l**3 - 31*l**2 - 85*l + 3. Give r(-28).
31
Let h(u) = -24*u + 4. Calculate h(2).
-44
Let d(i) = 3*i + 31. What is d(-8)?
7
Let b(r) = -r**3 + 6*r**2 + 2*r + 2. What is b(6)?
14
Let w(z) = z**2 - z - 57. Calculate w(9).
15
Let v(k) = -k**2 - 13*k - 26. Determine v(-8).
14
Let t(w) = -12*w - 33. What is t(-4)?
15
Let l(p) = p**3 - 24*p**2 + 24*p - 22. Give l(23).
1
Let k(q) = -q**3 + 8*q**2 - 10*q + 20. Give k(7).
-1
Let d(f) = -f**3 - 13*f**2 - 21*f - 2. Give d(-11).
-13
Let d(p) = -p**3 + 2*p**2 + 12*p + 5. Calculate d(5).
-10
Let d(f) = -f**2 - 2*f + 12. Calculate d(-5).
-3
Let v(m) = 2*m**3 - 7*m**2 + 7*m - 6. What is v(3)?
6
Let c(t) = -t**3 + 6*t**2 + 7*t - 4. Determin